de 1280?
True
Does 31 divide 16347?
False
Is 15 a factor of 145020?
True
Is 25 a factor of 600?
True
Is 24 a factor of 3188?
False
Does 22 divide 4062?
False
Is 58 a factor of 1376?
False
Is 23622 a multiple of 12?
False
Is 1260 a multiple of 45?
True
Is 96 a factor of 28992?
True
Is 13 a factor of 92716?
True
Is 1855 a multiple of 35?
True
Does 60 divide 126280?
False
Is 1081 a multiple of 23?
True
Is 130 a factor of 13062?
False
Does 21 divide 31297?
False
Is 49 a factor of 392?
True
Is 15 a factor of 24285?
True
Is 147 a multiple of 7?
True
Is 20 a factor of 120?
True
Does 101 divide 9104?
False
Is 1404 a multiple of 52?
True
Is 13224 a multiple of 53?
False
Is 78 a multiple of 4?
False
Is 27 a factor of 11669?
False
Is 57 a factor of 3333?
False
Is 108 a factor of 1775?
False
Does 12 divide 1589?
False
Is 141 a factor of 22416?
False
Is 144 a multiple of 3?
True
Is 70099 a multiple of 109?
False
Does 104 divide 62816?
True
Is 400 a multiple of 15?
False
Does 46 divide 1278?
False
Is 9 a factor of 9315?
True
Does 21 divide 3066?
True
Is 2147 a multiple of 113?
True
Does 13 divide 58?
False
Is 7735 a multiple of 7?
True
Does 16 divide 91834?
False
Is 17 a factor of 114757?
False
Does 159 divide 21709?
False
Is 237 a multiple of 5?
False
Is 12812 a multiple of 60?
False
Is 3 a factor of 3129?
True
Is 6 a factor of 390?
True
Is 40 a factor of 1120?
True
Is 894 a multiple of 7?
False
Is 3749 a multiple of 23?
True
Is 22 a factor of 2200?
True
Is 895 a multiple of 22?
False
Does 12 divide 14220?
True
Is 2222 a multiple of 22?
True
Is 2937 a multiple of 89?
True
Is 55 a factor of 5390?
True
Does 19 divide 51898?
False
Is 18 a factor of 32762?
False
Is 520 a multiple of 13?
True
Does 8 divide 39320?
True
Is 45 a factor of 3857?
False
Is 33 a factor of 321?
False
Is 90 a factor of 990?
True
Is 86 a factor of 141?
False
Is 16 a factor of 49088?
True
Is 27519 a multiple of 294?
False
Is 51 a factor of 1434?
False
Is 14 a factor of 1259?
False
Is 39307 a multiple of 12?
False
Is 4 a factor of 1661?
False
Does 18 divide 1977?
False
Does 29 divide 2146?
True
Does 6 divide 3217?
False
Is 54 a factor of 24155?
False
Is 1029 a multiple of 7?
True
Is 70 even?
True
Is 58 a factor of 35554?
True
Does 2 divide 11098?
True
Does 19 divide 18088?
True
Does 11 divide 748?
True
Is 16 a factor of 22299?
False
Is 37248 a multiple of 32?
True
Is 3934 a multiple of 82?
False
Is 61 a factor of 32025?
True
Is 78 a factor of 16380?
True
Is 50 a factor of 700?
True
Is 2626 a multiple of 13?
True
Does 33 divide 305?
False
Is 22 a factor of 633?
False
Is 21535 a multiple of 59?
True
Does 61 divide 2129?
False
Does 14 divide 1820?
True
Is 1204 a multiple of 4?
True
Is 5073 a multiple of 76?
False
Is 52112 a multiple of 16?
True
Is 58 a factor of 1566?
True
Is 7 a factor of 1134?
True
Is 16674 a multiple of 122?
False
Is 2291 even?
False
Does 90 divide 20443?
False
Is 16 a factor of 554?
False
Does 188 divide 3097?
False
Is 485 a multiple of 2?
False
Is 18033 a multiple of 14?
False
Is 10349 a multiple of 13?
False
Is 1328 a multiple of 16?
True
Does 7 divide 1247?
False
Is 1292 a multiple of 19?
True
Is 15 a factor of 64048?
False
Is 6 a factor of 31?
False
Does 37 divide 6785?
False
Does 16 divide 1968?
True
Is 50655 a multiple of 165?
True
Is 29136 a multiple of 144?
False
Is 24 a factor of 384?
True
Does 18 divide 8680?
False
Is 2005 a multiple of 12?
False
Is 2108 a multiple of 5?
False
Does 11 divide 375?
False
Is 26030 a multiple of 274?
True
Does 67 divide 8375?
True
Is 28 a factor of 21878?
False
Does 49 divide 422?
False
Is 132 a factor of 2636?
False
Is 3024 a multiple of 21?
True
Is 75 a factor of 1275?
True
Is 29780 a multiple of 11?
False
Does 30 divide 32?
False
Is 939 a multiple of 29?
False
Is 53 a factor of 14022?
False
Does 6 divide 336?
True
Is 10 a factor of 590?
True
Does 4 divide 2649?
False
Is 364 a multiple of 28?
True
Does 9 divide 449?
False
Is 64 a factor of 768?
True
Is 2266 a multiple of 37?
False
Is 9 a factor of 592?
False
Does 209 divide 80962?
False
Is 18737 a multiple of 23?
False
Is 4810 a multiple of 29?
False
Is 1877 a multiple of 44?
False
Is 10248 a multiple of 21?
True
Does 2 divide 1068?
True
Is 12 a factor of 951?
False
Does 25 divide 83200?
True
Is 12 a factor of 3413?
False
Is 1058 a multiple of 15?
False
Is 8500 a multiple of 161?
False
Does 8 divide 288?
True
Is 3 a factor of 133?
False
Is 588 a multiple of 28?
True
Is 104 a factor of 3603?
False
Is 576 a multiple of 18?
True
Is 15 a factor of 49770?
True
Is 5 a factor of 415?
True
Does 7 divide 944?
False
Is 16 a factor of 102212?
False
Does 10 divide 180?
True
Is 95 a factor of 2660?
True
Is 97 a multiple of 3?
False
Is 63 even?
False
Does 24 divide 336?
True
Does 46 divide 230?
True
Is 83 a factor of 996?
True
Is 442 a multiple of 26?
True
Is 10 a factor of 12990?
True
Does 5 divide 424?
False
Is 480 a multiple of 24?
True
Is 14 a factor of 8204?
True
Is 15 a factor of 162?
False
Is 126 a factor of 600?
False
Is 57 a factor of 2453?
False
Is 66 a factor of 4948?
False
Is 35 a factor of 2695?
True
Is 41 a factor of 451?
True
Is 4 a factor of 25?
False
Is 4346 a multiple of 41?
True
Is 10 a factor of 12350?
True
Is 20 a factor of 15562?
False
Does 13 divide 234?
True
Is 25689 a multiple of 5?
False
Does 34 divide 1095?
False
Is 184 a multiple of 11?
False
Does 37 divide 5675?
False
Does 31 divide 67624?
False
Is 293 a multiple of 12?
False
Is 27800 a multiple of 41?
False
Does 130 divide 34007?
False
Does 20 divide 43?
False
Does 214 divide 26359?
False
Is 16 a factor of 16955?
False
Is 158971 a multiple of 17?
False
Does 9 divide 1764?
True
Is 34 a factor of 687?
False
Does 118 divide 7434?
True
Does 19 divide 4655?
True
Is 787 a multiple of 7?
False
Is 2805 a multiple of 55?
True
Is 34 a factor of 782?
True
Is 20 a factor of 10680?
True
Is 10945 a multiple of 199?
True
Does 30 divide 649?
False
Is 34638 a multiple of 24?
False
Is 39 a factor of 858?
True
Does 193 divide 7811?
False
Does 300 divide 9900?
True
Is 25428 a multiple of 23?
False
Does 19 divide 11172?
True
Is 32 a factor of 158?
False
Is 14322 a multiple of 154?
True
Is 12 a factor of 239?
False
Does 98 divide 18820?
False
Is 8 a factor of 19899?
False
Is 21254 a multiple of 27?
False
Does 28 divide 1792?
True
Does 5 divide 270?
True
Is 3630 a multiple of 14?
False
Is 80 a factor of 23520?
True
Does 24 divide 1032?
True
Is 84 a factor of 19656?
True
Is 392 a multiple of 24?
False
Is 2515 a multiple of 32?
False
Is 6 a factor of 3019?
False
Does 13 divide 37214?
False
Is 6 a factor of 870?
True
Does 42 divide 15474?
False
Is 2990 a multiple of 13?
True
Is 22 a factor of 396?
True
Is 1425 a multiple of 2?
False
Does 11 divide 5731?
True
Is 3 a factor of 717?
True
Does 2 divide 59?
False
Is 1174 a multiple of 30?
False
Does 23 divide 49335?
True
Is 13424 a multiple of 19?
False
Is 25 a factor of 5375?
True
Is 28060 a multiple of 230?
True
Is 22 a factor of 114?
False
Is 36 a factor of 2880?
True
Is 64 a factor of 2944?
True
Is 10 a factor of 4619?
False
Is 1230 a multiple of 11?
False
Does 36 divide 2068?
False
Does 6 divide 348?
True
Is 131 a multiple of 4?
False
Is 16 a factor of 3872?
True
Is 7 a factor of 4242?
True
Does 4 divide 161?
False
Does 16 divide 4160?
True
Is 652 a multiple of 63?
False
Is 19 a factor of 529?
False
Is 19653 a multiple of 154?
False
Is 167 a factor of 4509?
True
Does 9 divide 33552?
True
Does 5 divide 690?
True
Is 16044 a multiple of 21?
True
Does 109 divide 9265?
True
Is 15 a factor of 1695?
True
Is 40 a factor of 4560?
True
Does 70 divide 6650?
True
Is 208 a multiple of 6?
False
Is 12 a factor of 52489?
False
Is 6 a factor of 16230?
True
Does 27 divide 514?
False
Is 43 a factor of 35045?
True
Is 5494 a multiple of 19?
False
Does 11 divide 4467?
False
Is 19 a factor of 16169?
True
Does 20 divide 761?
False
Does 12 divide 3927?
False
Is 4650 a multiple of 50?
True
Is 121 a multiple of 9?
False
Does 41 divide 945?
False
Does 34 divide 10320?
False
Is 29785 a multiple of 111?
False
Does 2 divide 995?
False
Is 46 a factor of 552?
True
Is 65 a factor of 85345?
True
Does 35 divide 455?
True
Is 222 a multiple of 13?
False
Does 32 divide 3136?
True
Is 24737 a multiple of 91?
False
Is 440 a mu